{"id":787,"date":"2021-04-27T07:37:30","date_gmt":"2021-04-27T07:37:30","guid":{"rendered":"http:\/\/mep.rgf.bg.ac.rs\/?page_id=787"},"modified":"2021-09-09T13:59:56","modified_gmt":"2021-09-09T13:59:56","slug":"organizing-committee","status":"publish","type":"page","link":"https:\/\/mep.rgf.bg.ac.rs\/?page_id=787","title":{"rendered":"Organizing Committee"},"content":{"rendered":"\n<p class=\"has-text-align-center\"><strong>PRESIDENT OF THE ORGANISING COMMITTEE<\/strong><\/p>\n\n\n\n<p class=\"has-text-align-center\">dr. Ivica Ristovic, Belgrade, Serbia<\/p>\n\n\n\n<p class=\"has-text-align-center\"><strong>VICE PRESIDENTS OF THE ORGANISING COMMITTEE<\/strong><\/p>\n\n\n<p style=\"text-align: center;\">dr Alexander V. Myaskov, Moscow, Russia<br \/>dr Gabriel Fedorko, Ko\u0161ice, Slovakia<br \/>dr Goran Vi\u017eintin, Ljubljana, Slovenia<br \/>dr Robert \u0160ajn, Ljubljana, Slovenia<br \/>dr Zoran Despodov, \u0160tip, Republic of Macedonia<br \/>dr Vladimir Malba\u0161i\u0107, Prijedor, RS, Bosnia and Herzegovina<br \/>dr Tomislav \u0160ubaranovi\u0107, Belgrade, Serbia<\/p>\n<p style=\"text-align: center;\"><strong>ORGANIZING COMMITTEE<\/strong><\/p>\n<p style=\"text-align: center;\">dr Nikoleta Husakova, Ko\u0161ice, Slovakia<br \/>dr Jozef Cambal, Slovakia<br \/>dr Jan Feher, Slovakia<br \/>dr Olga O. Sheshko, Moscow, Russia<br \/>dr Drago Poto\u010dnik, Ljubljana, Slovenia<br \/>dr Aleksandra Tren\u010dovska, Ljubljana, Slovenia<br \/>dr Jiri Fries, Ostrava, Czech Republic<br \/>dr Zoran Despodov, \u0160tip, Republic of Macedonia<br \/>dr Dejan Mirakovski, \u0160tip, Republic of Macedonia<br \/>dr Nata\u0161a Elezovi\u0107, Kosovska Mitrovica, Serbia<br \/>dr Vladimir Milisavljevi\u0107, Belgrade, Serbia<br \/>dr Aleksandar Cvjeti\u0107, Belgrade, Serbia<br \/>dr Suzana Lutovac, Belgrade, Serbia<br \/>dr Dragana Ni\u0161i\u0107, Belgrade, Serbia<br \/>MSc Milena Leki\u0107, Belgrade, Serbia<br \/>MSc Andrijana Nedeljkovi\u0107, Belgrade, Serbia<br \/>MSc Uro\u0161 Panteli\u0107, Belgrade, Serbia<br \/>MSc Luka Crnogorac, Belgrade, Serbia<br \/>MSc Emilija \u0160iradovi\u0107, Belgrade, Serbia<br \/>BSc Nade\u017eda Petrovi\u0107, Lazarevac, Serbia<br \/>BSc Nina Milojevi\u0107, Belgrade, Serbia<br \/>Isidora Vuli\u0107, Faculty of Criminal Justice and Security, Maribor, Slovenia<br \/>Sne\u017eana Turina, Serbia<\/p>","protected":false},"excerpt":{"rendered":"<p>PRESIDENT OF THE ORGANISING COMMITTEE dr. Ivica Ristovic, Belgrade, Serbia VICE PRESIDENTS OF THE ORGANISING COMMITTEE dr Alexander V. Myaskov, Moscow, Russiadr Gabriel Fedorko, Ko\u0161ice, Slovakiadr Goran Vi\u017eintin, Ljubljana, Sloveniadr Robert \u0160ajn, Ljubljana, Sloveniadr Zoran Despodov, \u0160tip, Republic of Macedoniadr<span class=\"ellipsis\">&hellip;<\/span><\/p>\n<div class=\"read-more\"><a href=\"https:\/\/mep.rgf.bg.ac.rs\/?page_id=787\">Read more &#8250;<\/a><\/div>\n<p><!-- end of .read-more --><\/p>\n","protected":false},"author":2,"featured_media":0,"parent":718,"menu_order":0,"comment_status":"closed","ping_status":"closed","template":"","meta":{"footnotes":""},"class_list":["post-787","page","type-page","status-publish","hentry"],"_links":{"self":[{"href":"https:\/\/mep.rgf.bg.ac.rs\/index.php?rest_route=\/wp\/v2\/pages\/787","targetHints":{"allow":["GET"]}}],"collection":[{"href":"https:\/\/mep.rgf.bg.ac.rs\/index.php?rest_route=\/wp\/v2\/pages"}],"about":[{"href":"https:\/\/mep.rgf.bg.ac.rs\/index.php?rest_route=\/wp\/v2\/types\/page"}],"author":[{"embeddable":true,"href":"https:\/\/mep.rgf.bg.ac.rs\/index.php?rest_route=\/wp\/v2\/users\/2"}],"replies":[{"embeddable":true,"href":"https:\/\/mep.rgf.bg.ac.rs\/index.php?rest_route=%2Fwp%2Fv2%2Fcomments&post=787"}],"version-history":[{"count":8,"href":"https:\/\/mep.rgf.bg.ac.rs\/index.php?rest_route=\/wp\/v2\/pages\/787\/revisions"}],"predecessor-version":[{"id":1001,"href":"https:\/\/mep.rgf.bg.ac.rs\/index.php?rest_route=\/wp\/v2\/pages\/787\/revisions\/1001"}],"up":[{"embeddable":true,"href":"https:\/\/mep.rgf.bg.ac.rs\/index.php?rest_route=\/wp\/v2\/pages\/718"}],"wp:attachment":[{"href":"https:\/\/mep.rgf.bg.ac.rs\/index.php?rest_route=%2Fwp%2Fv2%2Fmedia&parent=787"}],"curies":[{"name":"wp","href":"https:\/\/api.w.org\/{rel}","templated":true}]}}